16?
5
What is the hundred millions digit of 3102801205?
1
What is the thousands digit of 104699448?
9
What is the tens digit of 77237941?
4
What is the hundred thousands digit of 1316267220?
2
What is the hundreds digit of 201983778?
7
What is the hundred millions digit of 2090133466?
0
What is the hundred thousands digit of 20590486?
5
What is the millions digit of 3275999036?
5
What is the thousands digit of 44163629?
3
What is the ten thousands digit of 191261650?
6
What is the ten millions digit of 96967133?
9
What is the millions digit of 460445744?
0
What is the tens digit of 3557373524?
2
What is the hundred millions digit of 647142188?
6
What is the hundred millions digit of 654633660?
6
What is the units digit of 7884503?
3
What is the ten thousands digit of 103053870?
5
What is the units digit of 805648894?
4
What is the ten millions digit of 3409339151?
0
What is the millions digit of 6083284319?
3
What is the units digit of 349370626?
6
What is the units digit of 793892?
2
What is the millions digit of 577946848?
7
What is the ten millions digit of 2035251921?
3
What is the ten millions digit of 354334094?
5
What is the ten millions digit of 33319628?
3
What is the tens digit of 171982570?
7
What is the billions digit of 5878921459?
5
What is the hundreds digit of 33581177?
1
What is the millions digit of 259382081?
9
What is the ten thousands digit of 8009255?
0
What is the units digit of 2029869690?
0
What is the tens digit of 310171227?
2
What is the ten millions digit of 185142780?
8
What is the thousands digit of 17731708?
1
What is the millions digit of 2910407145?
0
What is the thousands digit of 933942241?
2
What is the units digit of 667467544?
4
What is the hundred thousands digit of 1792755311?
7
What is the ten millions digit of 26456181?
2
What is the ten thousands digit of 1386176787?
7
What is the ten millions digit of 280057005?
8
What is the hundred thousands digit of 54220686?
2
What is the ten millions digit of 3076352083?
7
What is the units digit of 1716392957?
7
What is the hundreds digit of 45651805?
8
What is the units digit of 955876815?
5
What is the hundred millions digit of 488835715?
4
What is the hundreds digit of 775964024?
0
What is the billions digit of 1613236788?
1
What is the thousands digit of 81145431?
5
What is the ten millions digit of 126293434?
2
What is the tens digit of 108186103?
0
What is the hundred millions digit of 616781249?
6
What is the hundred millions digit of 186008249?
1
What is the tens digit of 1238069906?
0
What is the millions digit of 1904325113?
4
What is the millions digit of 22031425?
2
What is the thousands digit of 45863191?
3
What is the millions digit of 28555939?
8
What is the ten thousands digit of 468970333?
7
What is the thousands digit of 884929701?
9
What is the tens digit of 3768297?
9
What is the ten thousands digit of 94508191?
0
What is the ten thousands digit of 49759588?
5
What is the hundreds digit of 4738858668?
6
What is the millions digit of 31629867?
1
What is the tens digit of 208315411?
1
What is the ten thousands digit of 369882262?
8
What is the hundreds digit of 180502455?
4
What is the millions digit of 30388222?
0
What is the tens digit of 26060719?
1
What is the ten thousands digit of 2130965115?
6
What is the tens digit of 6152306844?
4
What is the hundred thousands digit of 53392710?
3
What is the ten millions digit of 7673466659?
7
What is the hundreds digit of 263013070?
0
What is the ten millions digit of 96569870?
9
What is the units digit of 1509472?
2
What is the ten thousands digit of 2792242752?
4
What is the units digit of 700585377?
7
What is the thousands digit of 1037210636?
0
What is the units digit of 8315494?
4
What is the millions digit of 2360876152?
0
What is the hundred thousands digit of 121496375?
4
What is the tens digit of 509522525?
2
What is the ten thousands digit of 3773466895?
6
What is the hundred thousands digit of 2044585834?
5
What is the millions digit of 2306872613?
6
What is the hundred thousands digit of 14326814?
3
What is the ten thousands digit of 824415029?
1
What is the tens digit of 161258424?
2
What is the ten thousands digit of 4640672665?
7
What is the tens digit of 64098385?
8
What is the units digit of 598739296?
6
What is the hundred thousands digit of 309718106?
7
What is the thousands digit of 442578210?
8
What is the billions digit of 1684160063?
1
What is the hundred thousands digit of 69640457?
6
What is the units digit of 229959963?
3
What is the millions digit of 340476853?
0
What is the hundred millions digit of 186837384?
1
What is the hundreds digit of 7194118?
1
What is the units digit of 99065429?
9
What is the hundred thousands digit of 126490721?
4
What is the hundred millions digit of 2244697031?
2
What is the hundred millions digit of 2781596811?
7
What is the hundred thousands digit of 161326791?
3
What is the hundred thousands digit of 583399245?
3
What is the hundred millions digit of 3704881078?
7
What is the hundred millions digit of 841392754?
8
What is the tens digit of 2653752757?
5
What is the thousands digit of 3648376118?
6
What is the units digit of 16513782?
2
What is the hundred thousands digit of 21022947?
0
What is the billions digit of 1127176440?
1
What is the millions digit of 66772904?
6
What is the units digit of 326330920?
0
What is the ten millions digit of 717020873?
1
What is the hundred millions digit of 503858561?
5
What is the hundreds digit of 72988217?
2
What is the hundred millions digit of 1022935841?
0
What is the hundred thousands digit of 77767276?
7
What is the units digit of 70153938?
8
What is the hundreds digit of 201790728?
7
What is the ten millions digit of 95852791?
9
What is the tens digit of 971150507?
0
What is the tens digit of 513134460?
6
What is the units digit of 309739262?
2
What is the tens digit of 99449201?
0
What is the ten millions digit of 39530509?
3
What is the tens digit of 43654167?
6
What is the hundreds digit of 1932559687?
6
What is the hundreds digit of 533438979?
9
What is the hundred millions digit of 2272033452?
2
What is the thousands digit of 789650470?
0
What is the tens digit of 43411463?
6
What is the hundred thousands digit of 2568534400?
5
What is the millions digit of 77845550?
7
What is the millions digit of 743113723?
3
What is the ten thousands digit of 7706333172?
3
What is the hundred millions digit of 1233068719?
2
What is the millions digit of 2907659051?
7
What is the hundreds digit of 3847889864?
8
What is the hundred thousands digit of 42702760?
7
What is the millions digit of 1378569986?
8
What is the hundred thousands digit of 982375385?
3
What is the millions digit of 577926139?
7
What is the billions digit of 1582929107?
1
What is the units digit of 33870581?
1
What is the millions digit of 569745834?
9
What is the billions digit of 4304674469?
4
What is the units digit of 157179838?
8
What is the thousands digit of 5385743150?
3
What is the millions digit of 588692491?
8
What is the units digit of 245131142?
2
What is the units digit of 92396222?
2
What is the ten millions digit of 618003730?
1
What is the units digit of 41682881?
1
What is the millions digit of 1015266839?
5
What is the units digit of 3524913189?
9
What is the tens digit of 1010959208?
0
What is the units digit of 235044806?
6
What is the hundred thousands digit of 5473917?
4
What is the hundreds digit of 654018167?
1
What is the hundreds digit of 941140786?
7
What is the units digit of 74420502?
2
What is the units digit of 170105523?
3
What is the hundreds digit of 257537753?
7
What is the millions digit of 71190660?
1
What is the thousands digit of 1267221025?
1
What is the ten millions digit of 1701136053?
0
What is the hundreds digit of 24510751?
7
What is the hundred millions digit of 6712213442?
7
What is the ten thousands digit of 875946731?
4
What is the hundreds digit of 18441175?
1
What is the hundreds digit of 1371927200?
2
What is the hundred millions digit of 339805545?
3
What is the billions digit of 1549274593?
1
What is the hundred thousands digit of 5134948436?
9
What is the billions digit of 1939952988?
1
What is the hundred thousands digit of 23422897?
4
What is the units digit of 1061759808?
